- o = -106*g. Calculate the greatest common factor of 60 and g.
30
Suppose 11*s = 6*s + 140. Suppose -30*q + s*q = -10. Suppose -302 = -q*v + 98. Calculate the greatest common divisor of 16 and v.
16
Let y(o) = o**2 - 4*o + 4. Let t be y(6). Let k = -77 + 80. Suppose -2*b = -b - k*c - 55, 5*c + 25 = 0. Calculate the highest common factor of b and t.
8
Let i(b) = 34*b - 20 - 39*b - 2. Let v be i(-6). Suppose -7 = v*a - 23. Calculate the greatest common factor of 4 and a.
2
Let r = -4743 - -4750. Let q = -14 + 7. Let t = 9 + q. What is the highest common divisor of t and r?
1
Let i = 20 - 8. Suppose 8*t + 1487 = 1471. Let v be (-15)/(-45)*(-1 - 53)/t. Calculate the greatest common factor of i and v.
3
Let i(b) = b**2 - 4*b + 10. Let u be i(0). Suppose u = 5*g - 3*g, g - 985 = -5*d. Suppose 10*z - 12*z = -d. Calculate the greatest common divisor of z and 14.
14
Let f be ((-1)/(-6))/((-31)/93)*128*-4. What is the greatest common factor of 632 and f?
8
Suppose -4*i - 2*j = -3*j - 820, -420 = -2*i - 2*j. Suppose -i + 126 = -4*t. Calculate the greatest common factor of t and 15.
5
Let q(n) = -9*n - 28. Let l be q(-5). Suppose -6*v + 1999 = -l. What is the highest common divisor of v and 21?
21
Let v be ((-4)/(-4))/((-10)/(-200))*(3 + -2). Calculate the greatest common factor of 1510 and v.
10
Suppose 5*y = -5, -2*y = 10*t - 13*t + 4226. Calculate the greatest common divisor of t and 22.
22
Let x(u) = -9*u**3 - u**2 - u - 4. Let p be x(-2). Suppose -65*d = -p*d + 31. What is the highest common factor of 496 and d?
31
Suppose 4*f = 4*g - 156, -24*f + 157 = 4*g - 29*f. What is the greatest common divisor of 361 and g?
19
Let o be (-288)/(-2)*(160/24)/(-10). Let c = -94 - o. Suppose -6 = -c*w + w. What is the greatest common divisor of 18 and w?
6
Suppose 0*t = -t + 3. Suppose 20 + 28 = t*g. Suppose -q = -z + 4*q + 21, -59 = -4*z - 5*q. Calculate the greatest common factor of g and z.
16
Let m = 93 + -69. Suppose x = 4*j + m, -2*x + 0*j = j - 48. Calculate the highest common divisor of 312 and x.
24
Suppose 3788 = 3*c + f, -7*c - f - 5032 = -11*c. What is the greatest common divisor of c and 114?
6
Suppose -9*u - 250 = -691. Suppose -4*n = -2*n - 8, -n = m - 11. What is the greatest common divisor of u and m?
7
Suppose -16*i = -20*i. Suppose i = h + 2*h - 27. Let z = -9 + 10. What is the greatest common factor of h and z?
1
Let k(n) = -3*n + 1. Let p be k(-5). Suppose 13*q = -4*z + 10*q - 51, 2*z - 2*q + 8 = 0. Let h = p + z. What is the greatest common factor of 56 and h?
7
Let y be (1 + 60/(-16))/(26/1664*-4). Suppose 4*b + 223 = -45. Let g = b - -100. What is the highest common factor of y and g?
11
Let d = -7683 - -7699. Calculate the greatest common factor of d and 1928.
8
Let d be ((-12)/9)/(2/(-12)). Let a be (((-624)/(-91))/1)/(4/((-336)/(-9))). What is the highest common divisor of d and a?
8
Let x(s) = 65*s + 1443. Let t be x(-22). Suppose 0 = -4*i + 253 + 7. What is the highest common factor of t and i?
13
Let r(k) = -5*k**2 + 247*k + 41. Let v be r(43). Calculate the greatest common factor of 981 and v.
109
Suppose 7*q = 12*q. Let g(a) = q*a + 9*a**2 - 11*a**3 + 15 + 10*a + 6 + 10*a**3. Let o be g(10). What is the greatest common factor of 14 and o?
7
Let c be ((-60)/75)/((-4)/6330*3). Let v = c - 302. What is the greatest common divisor of v and 60?
60
Let n = 122 - 31. Let u = 94 - n. Suppose 2*d - 10 = 0, -5*j - u*d + 150 = -4*j. Calculate the greatest common factor of 90 and j.
45
Let q = 675 + -603. Let m(w) = -2*w + 2 + 0 - 6*w. Let d be m(-2). Calculate the highest common divisor of q and d.
18
Let c(g) = 1136*g - 11300. Let z be c(10). Calculate the greatest common divisor of 1515 and z.
15
Let d be (-8)/(-5)*(21/(-63) + 10070/60). Calculate the highest common factor of d and 36.
4
Let v be (1/6*2)/(2/6). Let b be (v/(-1))/((-2)/6). What is the highest common divisor of b and 51?
3
Suppose 4*a - 3*y - 23 = 0, -3*y + 0 - 13 = -2*a. Suppose 4*z - m = 3*m + 564, 0 = -a*z + m + 713. What is the greatest common divisor of z and 13?
13
Let a = 33286 + -33285. Suppose 17 = 2*b - 21. Calculate the highest common divisor of a and b.
1
Let z(u) = u + 22. Let s be z(0). Let n be (-27 + 26)/(2/(-10)). Suppose 3*f + n*h = 180, -2*f = -h - 67 - 40. Calculate the greatest common divisor of f and s.
11
Suppose 0 = -139*l + 2400 + 6635. Let c(v) = v**3 + 14*v**2 + 11*v - 11. Let z be c(-13). What is the greatest common divisor of l and z?
5
Let l(u) = u**2 - 101*u + 2134. Let q be l(30). Let t be (3 + -2)/(2/12). Let m = 10 - t. Calculate the greatest common divisor of m and q.
4
Let k(w) = w**3 - 9*w**2 + 8*w + 2. Let n be k(8). Let l = n - -6. Let d(c) = 45*c + 339. Let i be d(-7). What is the greatest common factor of i and l?
8
Let h be (-2844)/(-2370)*(-1010)/(-6). What is the greatest common divisor of 33936 and h?
202
Suppose 2259*o + 1308 = 2263*o + 4*c, 3*c + 335 = o. Calculate the highest common divisor of 940 and o.
47
Let p be 4/10 - 478632/(-2220). Let f = 0 - -8. Calculate the greatest common factor of f and p.
8
Let w(b) be the first derivative of 2*b**3/3 + 9*b**2 + 56*b - 66. Let p be w(-7). Calculate the greatest common factor of p and 35.
7
Let a(j) = -1 - j**2 + 2*j**2 + 3*j - 4. Let f be a(2). Suppose -f*b + 126 = 4*b. What is the greatest common factor of b and 112?
14
Let l(v) = -4 - 6 - 5*v + 4*v + 7. Suppose 2*z + 38 = -5*q - z, 4*z + 24 = -4*q. Let w be l(q). Calculate the greatest common factor of 21 and w.
7
Suppose 0 = q + t + 3, -5*q - 12 - 4 = 4*t. Let i(g) = 5 - 7 + g + 9 + 5. Let j be i(q). What is the greatest common factor of 8 and j?
8
Let q = 1514 + -1492. What is the greatest common divisor of q and 2563?
11
Let p(o) = -o**2 + 17*o + 170. Let m be p(24). Suppose 0 = -2*k + 4, 0 = m*t - 5*k - 117 - 77. What is the greatest common factor of 561 and t?
51
Suppose -69300 = -1870*r + 1815*r. Calculate the highest common divisor of r and 455.
35
Suppose 13*u + 67485 = 6*u + 22*u. What is the greatest common factor of u and 22?
11
Let h(j) = -3*j - 7. Let w be h(-3). Let g(a) = 4 + a**w + 11*a + 0*a - 23 - 2*a. Let s be g(-11). Calculate the highest common divisor of s and 3.
3
Let n(p) = 2*p**2 - 7*p - 2. Let v be n(8). Let s = 75 - v. Suppose s*o = 6*o - 80. Calculate the greatest common divisor of o and 8.
8
Let r(w) = w - 1. Let j be r(7). Let k be j/2*1*24. Let q = -173 - -191. What is the greatest common factor of k and q?
18
Let i(k) = 2*k**2 - 248*k + 493. Let z be i(2). Calculate the highest common factor of 185 and z.
5
Let o be 1/((-2)/((-284)/(-2))). Let v = -74 - o. Let k be 105/3 - (v - -2). Calculate the highest common factor of 4 and k.
4
Let b be 3/6 - (-5)/2. Suppose -9*l = -10*l + 11. Let q(n) = n + 1. Let z be q(l). Calculate the greatest common divisor of z and b.
3
Let j be 1494/90*10 + 2. Calculate the highest common divisor of j and 18984.
168
Let u(z) = -2*z - 39. Let f be u(-21). Suppose -12*c = -f*c + 27. Let m be ((-3)/c)/((-3)/(-12)). What is the highest common factor of m and 10?
2
Let z(k) = -18*k - 16. Let o(j) = j - 23. Let f be o(-4). Let m be f/9*1/(3/3). Let y be z(m). Calculate the greatest common divisor of y and 38.
38
Suppose 5*m + 4*o = 69 + 98, -o = 5*m - 173. Let x(t) = -719*t**3 + 738*t**3 - t - 3 - 3 - t**2. Let s be x(2). Calculate the highest common factor of m and s.
35
Let i(f) = f**2 + 4*f - 33. Let x be i(-8). Let l(r) = -23*r - 5. Let k be l(x). Suppose -2*y = -k - 54. What is the greatest common divisor of y and 9?
9
Let f = 54 + 33. Let t be 1/(-6) - (-44)/(-24). Let a be ((f/(-9))/(5/30))/t. What is the highest common divisor of 203 and a?
29
Let r be 21177/21 + (-540)/1260. Calculate the highest common factor of r and 9.
9
Let m be (20 - 4)/(-16)*-3. Suppose 2*v = 3*h - 6, 0*h - h + 2*v + 6 = 0. Suppose h = -0*t - 5*t + 5. Calculate the greatest common factor of t and m.
1
Let b(d) = -d**3 + 28*d**2 - 18*d + 31. Let n be b(27). Suppose -n = -5*u - 54. Calculate the greatest common factor of u and 11.
11
Suppose 5*j - s - 57 = 0, 4*s = -74 + 86. What is the highest common divisor of 6036 and j?
12
Suppose 0 = -9*c + 14*c - 20. Let b(d) = -d**3 - 3*d**2 - 25*d - 84. Let n be b(-4). What is the highest common divisor of c and n?
4
Let z be (-855)/(-76)*32/12. What